 17087?
7
What is the tens digit of 4685?
8
What is the tens digit of 427?
2
What is the units digit of 6292?
2
What is the thousands digit of 6807?
6
What is the tens digit of 6354?
5
What is the tens digit of 2543?
4
What is the tens digit of 1442?
4
What is the hundreds digit of 915?
9
What is the thousands digit of 4580?
4
What is the units digit of 10945?
5
What is the units digit of 13904?
4
What is the units digit of 188?
8
What is the hundreds digit of 7220?
2
What is the thousands digit of 3300?
3
What is the tens digit of 1278?
7
What is the ten thousands digit of 38425?
3
What is the thousands digit of 54667?
4
What is the hundreds digit of 3182?
1
What is the tens digit of 2270?
7
What is the hundreds digit of 28756?
7
What is the tens digit of 837?
3
What is the hundreds digit of 1378?
3
What is the hundreds digit of 5543?
5
What is the thousands digit of 1297?
1
What is the tens digit of 4650?
5
What is the tens digit of 4231?
3
What is the units digit of 12143?
3
What is the units digit of 24287?
7
What is the ten thousands digit of 135339?
3
What is the ten thousands digit of 46849?
4
What is the tens digit of 1613?
1
What is the tens digit of 15896?
9
What is the thousands digit of 1655?
1
What is the hundreds digit of 27152?
1
What is the ten thousands digit of 120087?
2
What is the tens digit of 9166?
6
What is the hundreds digit of 32826?
8
What is the hundreds digit of 7910?
9
What is the hundreds digit of 53607?
6
What is the thousands digit of 19452?
9
What is the tens digit of 8438?
3
What is the units digit of 90105?
5
What is the tens digit of 1862?
6
What is the hundreds digit of 2427?
4
What is the units digit of 23735?
5
What is the thousands digit of 7507?
7
What is the thousands digit of 7457?
7
What is the hundreds digit of 1428?
4
What is the ten thousands digit of 12610?
1
What is the tens digit of 297?
9
What is the ten thousands digit of 13552?
1
What is the hundreds digit of 153659?
6
What is the hundreds digit of 771?
7
What is the units digit of 240?
0
What is the thousands digit of 10653?
0
What is the units digit of 39?
9
What is the thousands digit of 35715?
5
What is the tens digit of 4501?
0
What is the hundreds digit of 5983?
9
What is the hundreds digit of 2681?
6
What is the thousands digit of 15889?
5
What is the units digit of 25494?
4
What is the hundreds digit of 973?
9
What is the units digit of 2237?
7
What is the tens digit of 338?
3
What is the thousands digit of 46345?
6
What is the thousands digit of 8696?
8
What is the units digit of 572?
2
What is the ten thousands digit of 12156?
1
What is the tens digit of 3129?
2
What is the units digit of 99980?
0
What is the units digit of 19241?
1
What is the units digit of 10360?
0
What is the tens digit of 64337?
3
What is the tens digit of 5028?
2
What is the thousands digit of 1982?
1
What is the tens digit of 7709?
0
What is the hundreds digit of 32574?
5
What is the hundreds digit of 1673?
6
What is the ten thousands digit of 22900?
2
What is the hundreds digit of 843?
8
What is the ten thousands digit of 67047?
6
What is the thousands digit of 112258?
2
What is the units digit of 847?
7
What is the hundreds digit of 21794?
7
What is the tens digit of 14725?
2
What is the ten thousands digit of 30623?
3
What is the tens digit of 3815?
1
What is the hundreds digit of 53415?
4
What is the hundreds digit of 8963?
9
What is the tens digit of 5476?
7
What is the units digit of 11297?
7
What is the hundreds digit of 1208?
2
What is the hundreds digit of 2432?
4
What is the units digit of 44653?
3
What is the thousands digit of 12620?
2
What is the units digit of 160?
0
What is the tens digit of 65176?
7
What is the units digit of 1532?
2
What is the hundreds digit of 422?
4
What is the tens digit of 6845?
4
What is the tens digit of 4457?
5
What is the tens digit of 964?
6
What is the units digit of 11100?
0
What is the hundreds digit of 1428?
4
What is the units digit of 21489?
9
What is the tens digit of 103255?
5
What is the hundreds digit of 18530?
5
What is the ten thousands digit of 34974?
3
What is the thousands digit of 18573?
8
What is the units digit of 924?
4
What is the thousands digit of 2164?
2
What is the tens digit of 11482?
8
What is the hundreds digit of 6113?
1
What is the thousands digit of 1198?
1
What is the thousands digit of 1100?
1
What is the thousands digit of 30084?
0
What is the units digit of 1415?
5
What is the hundreds digit of 191?
1
What is the hundreds digit of 5020?
0
What is the thousands digit of 19290?
9
What is the thousands digit of 4112?
4
What is the hundreds digit of 719?
7
What is the tens digit of 752?
5
What is the thousands digit of 8606?
8
What is the ten thousands digit of 14246?
1
What is the units digit of 970?
0
What is the ten thousands digit of 191631?
9
What is the units digit of 20012?
2
What is the tens digit of 538?
3
What is the units digit of 6447?
7
What is the units digit of 48106?
6
What is the thousands digit of 1047?
1
What is the thousands digit of 1395?
1
What is the thousands digit of 4625?
4
What is the thousands digit of 65782?
5
What is the tens digit of 15622?
2
What is the hundreds digit of 2640?
6
What is the tens digit of 1474?
7
What is the hundreds digit of 670?
6
What is the units digit of 1290?
0
What is the hundreds digit of 1755?
7
What is the units digit of 4898?
8
What is the hundreds digit of 352?
3
What is the thousands digit of 179752?
9
What is the thousands digit of 68502?
8
What is the tens digit of 483?
8
What is the units digit of 52296?
6
What is the thousands digit of 1817?
1
What is the units digit of 4808?
8
What is the units digit of 1675?
5
What is the hundreds digit of 1190?
1
What is the tens digit of 1455?
5
What is the tens digit of 101?
0
What is the hundreds digit of 88022?
0
What is the hundreds digit of 2736?
7
What is the tens digit of 8751?
5
What is the units digit of 1227?
7
What is the units digit of 20811?
1
What is the hundreds digit of 400?
4
What is the units digit of 2176?
6
What is the hundreds digit of 47513?
5
What is the units digit of 1915?
5
What is the ten thousands digit of 14745?
1
What is the thousands digit of 15720?
5
What is the thousands digit of 3447?
3
What is the tens digit of 1504?
0
What is the thousands digit of 2344?
2
What is the units digit of 4309?
9
What is the thousands digit of 29614?
9
What is the hundreds digit of 353?
3
What is the hundreds digit of 1444?
4
What is the units digit of 5824?
4
What is the units digit of 32887?
7
What is the units digit of 9290?
0
What is the units digit of 73749?
9
What is the units digit of 1155?
5
What is the hundreds digit of 12603?
6
What is the tens digit of 844?
4
What is the ten thousands digit of 10102?
1
What is the tens digit of 77283?
8
What is the thousands digit of 207336?
7
What is the thousands digit of 3432?
3
What is the hundreds digit of 25473?
4
What is the units digit of 6394?
4
What is the tens digit of 49137?
3
What is the units digit of 856?
6
What is the hundreds digit of 1370?
3
What is the units digit of 15?
5
What is the tens digit of 2066?
6
What is the tens digit of 6363?
6
What is the hundreds digit of 3844?
8
What is the thousands digit of 8813?
8
What is the thousands digit of 20949?
0
What is the ten thousands digit of 114625?
1
What is the thousands digit of 14028?
4
What is the thousands digit of 5584?
5
What is the hundreds digit of 987?
9
What is the tens digit of 6279?
7
What is the thousands digit of 10385?
0
What is the tens digit of 102165?
6
What is the tens digit of 1017?
1
What is the tens digit of 122915?
1
What is the thousands digit of 27043?
7
What is the tens digit of 1449?
4
What is the ten thousands digit of 87976?
8
What is the units digit of 2725?
5
What is the thousands digit of 1711?
1
What is the units digit of 99514?
4
What is the thousands digit of 1913?
1
What is the tens digit of 90620?
2
What is the thousands digit of 24697?
4
What is the hundreds digit of 936?
9
What is the hundreds digit of 2057?
0
What is the hundreds digit of 53921?
9
What is the thousands digit of 14941?
4
What is the hundreds digit of 134301?
3
What is the hundreds digit of 219?
2
What is the units digit of 1706?
6
What is the tens di